
Calculate the greatest common divisor of 16 and 136.
8
What is the greatest common divisor of 15765 and 15?
15
What is the highest common factor of 1 and 135?
1
What is the highest common divisor of 48 and 624?
48
Calculate the greatest common factor of 14 and 1750.
14
Calculate the highest common divisor of 178 and 801.
89
Calculate the highest common divisor of 135 and 315.
45
Calculate the highest common factor of 304 and 32.
16
Calculate the highest common factor of 1518 and 690.
138
What is the greatest common factor of 28 and 399?
7
Calculate the greatest common divisor of 140 and 210.
70
Calculate the highest common factor of 30 and 410.
10
Calculate the highest common divisor of 30 and 2112.
6
Calculate the highest common factor of 9 and 9.
9
Calculate the highest common divisor of 240 and 64.
16
What is the highest common divisor of 306 and 18?
18
What is the highest common divisor of 17 and 40477?
17
What is the highest common divisor of 54 and 126?
18
What is the highest common factor of 713 and 23?
23
What is the greatest common divisor of 5967 and 34?
17
Calculate the highest common factor of 18 and 351.
9
What is the greatest common factor of 24418 and 58?
58
What is the greatest common divisor of 5 and 330?
5
Calculate the greatest common factor of 1008 and 105.
21
Calculate the highest common factor of 2076 and 36.
12
Calculate the highest common factor of 480 and 180.
60
Calculate the greatest common factor of 946 and 1118.
86
Calculate the greatest common divisor of 144 and 64.
16
What is the greatest common factor of 13770 and 680?
170
What is the greatest common factor of 7738 and 146?
146
What is the greatest common factor of 551 and 361?
19
Calculate the highest common divisor of 12328 and 8.
8
Calculate the greatest common factor of 425 and 1105.
85
Calculate the greatest common divisor of 2530 and 115.
115
What is the highest common divisor of 11124 and 18?
18
Calculate the greatest common divisor of 50 and 1350.
50
What is the highest common divisor of 52 and 6?
2
What is the greatest common factor of 612 and 136?
68
Calculate the highest common divisor of 22 and 726.
22
What is the greatest common divisor of 348 and 876?
12
What is the highest common divisor of 106 and 8639?
53
What is the highest common factor of 3270 and 30?
30
What is the highest common divisor of 2640 and 480?
240
Calculate the highest common factor of 30 and 225.
15
Calculate the greatest common divisor of 3190 and 110.
110
What is the greatest common factor of 221 and 91?
13
Calculate the highest common divisor of 46710 and 60.
30
Calculate the greatest common divisor of 21 and 462.
21
What is the highest common divisor of 85 and 170?
85
What is the greatest common divisor of 91 and 13?
13
What is the highest common divisor of 4851 and 99?
99
What is the highest common factor of 54564 and 12?
12
Calculate the highest common factor of 48 and 108.
12
What is the highest common factor of 60 and 340?
20
What is the highest common divisor of 6 and 318?
6
Calculate the greatest common divisor of 41 and 656.
41
What is the greatest common factor of 113 and 52093?
113
Calculate the greatest common divisor of 561 and 1221.
33
Calculate the greatest common factor of 9861 and 57.
57
What is the greatest common factor of 558 and 18?
18
Calculate the greatest common factor of 26 and 208.
26
Calculate the greatest common factor of 25 and 40.
5
Calculate the greatest common factor of 47 and 5.
1
Calculate the highest common factor of 73 and 1241.
73
What is the highest common factor of 403 and 31?
31
Calculate the greatest common divisor of 23 and 7889.
23
What is the greatest common factor of 200 and 125?
25
Calculate the greatest common divisor of 4891 and 201.
67
Calculate the highest common factor of 357 and 2380.
119
What is the highest common divisor of 256 and 80?
16
What is the greatest common factor of 130 and 25870?
130
What is the greatest common divisor of 675 and 25?
25
What is the highest common factor of 63 and 981?
9
Calculate the greatest common factor of 4 and 16228.
4
Calculate the greatest common factor of 12033 and 126.
63
What is the greatest common factor of 230 and 39790?
230
What is the greatest common divisor of 663 and 156?
39
What is the greatest common factor of 132 and 1716?
132
What is the greatest common divisor of 86493 and 33?
33
Calculate the highest common divisor of 91 and 169.
13
What is the highest common divisor of 2754 and 486?
162
What is the highest common factor of 78 and 52?
26
Calculate the highest common factor of 23 and 7291.
23
Calculate the greatest common divisor of 82 and 8323.
41
What is the greatest common divisor of 533 and 26?
13
What is the highest common factor of 92 and 69?
23
What is the highest common factor of 173 and 4325?
173
What is the highest common factor of 5859 and 5642?
217
What is the greatest common factor of 6 and 7914?
6
What is the greatest common divisor of 46 and 4?
2
What is the highest common divisor of 18 and 48?
6
What is the highest common factor of 1251 and 90?
9
What is the greatest common factor of 288 and 504?
72
What is the highest common divisor of 982 and 26?
2
Calculate the greatest common divisor of 156 and 3198.
78
Calculate the highest common factor of 315 and 63.
63
What is the greatest common factor of 138 and 4692?
138
What is the highest common factor of 3 and 43?
1
What is the greatest common divisor of 180 and 1710?
90
What is the greatest common divisor of 10 and 245?
5
Calculate the greatest common divisor of 1491 and 336.
21
What is the highest common divisor of 7 and 9?
1
Calculate the greatest common factor of 92 and 230.
46
What is the greatest common divisor of 531 and 59?
59
Calculate the greatest common factor of 80 and 15.
5
Calculate the highest common factor of 506 and 92.
46
Calculate the highest common factor of 5 and 1775.
5
Calculate the highest common factor of 6710 and 2135.
305
Calculate the greatest common divisor of 1219 and 53.
53
Calculate the highest common factor of 25 and 925.
25
What is the highest common factor of 1305 and 45?
45
Calculate the highest common factor of 237 and 5372.
79
Calculate the highest common factor of 254 and 5969.
127
What is the greatest common divisor of 18176 and 852?
284
Calculate the highest common factor of 3 and 24.
3
What is the highest common factor of 2516 and 238?
34
What is the highest common divisor of 6 and 202?
2
What is the highest common divisor of 27 and 432?
27
Calculate the greatest common divisor of 205 and 34235.
205
What is the highest common divisor of 129 and 43?
43
Calculate the highest common factor of 82 and 3977.
41
What is the greatest common factor of 640 and 2880?
320
What is the highest common factor of 508 and 4?
4
Calculate the highest common divisor of 9210 and 30.
30
Calculate the greatest common factor of 22956 and 12.
12
Calculate the greatest common factor of 328 and 3.
1
Calculate the greatest common divisor of 8 and 1304.
8
What is the highest common divisor of 189 and 243?
27
Calculate the greatest common divisor of 25830 and 42.
42
What is the greatest common factor of 8 and 296?
8
What is the greatest common factor of 19 and 19?
19
Calculate the greatest common divisor of 234 and 171.
9
What is the greatest common divisor of 110 and 140?
10
Calculate the greatest common factor of 253 and 99.
11
Calculate the highest common divisor of 128 and 112.
16
What is the highest common divisor of 2481 and 3?
3
Calculate the highest common factor of 36 and 24.
12
What is the highest common divisor of 1122 and 66?
66
Calculate the greatest common factor of 871 and 201.
67
What is the greatest common divisor of 372 and 11284?
124
What is the greatest common divisor of 405 and 15?
15
What is the greatest common divisor of 450 and 1980?
90
Calculate the greatest common divisor of 36 and 45.
9
What is the highest common divisor of 10 and 130?
10
Calculate the greatest common factor of 714 and 336.
42
Calculate the highest common divisor of 105 and 20.
5
What is the highest common factor of 684 and 4940?
76
What is the highest common divisor of 610 and 183?
61
What is the highest common factor of 182 and 52?
26
What is the greatest common divisor of 88 and 4444?
44
Calculate the